Let s(g) be the second derivative of -g**4/2 - g**3/6 + g**2/2 + 2*g. Suppose 0 = a + 5*v + 19, 2*v + 1 + 4 = -3*a. What is s(a)?
-6
Let v(l) = 4*l**3 - 6*l**2 + l. Let c(z) = z**3 - z**2. Let s(x) = 3*c(x) - v(x). Give s(2).
2
Let f(x) be the second derivative of 1/12*x**4 + 2/3*x**3 + 9*x + 5/2*x**2 + 0. Give f(-4).
5
Let r(h) be the third derivative of 0*h + 0 - 1/120*h**6 - 1/3*h**3 + h**2 - 1/12*h**5 + 0*h**4. Give r(-5).
-2
Let y(a) = -a**3 + 3*a**2 + a. Let f = -18 - -13. Let s = 14 + -6. Let o = s + f. Give y(o).
3
Suppose 5*n + r + 39 = -2*r, -r = -4*n - 21. Let i(q) = -q**2 - 5*q + 1. Calculate i(n).
-5
Let y(n) = -n**3 - 2*n**2 + 2*n + 3. Let i be 27/18*32/(-6). Let r be i/44 - 40/22. Give y(r).
-1
Suppose -2*v = -6*v - 20. Let t(p) = p**3 + 9*p**2 + 8*p + 4. Let k be t(-8). Let j(x) = -2*x - 3 + 4*x - 5*x - k. Determine j(v).
8
Let g(t) = -5*t - 17. Let p(m) = -14*m - 49. Let j(s) = 17*g(s) - 6*p(s). Give j(3).
2
Let o(z) = -z**3 + 4*z**2 - 5. Let u(w) = -w + 8. Let g be u(0). Suppose 6*h = 4*h + g. Give o(h).
-5
Let u = -4 - -8. Let l be (4/10)/((-4)/(-20)). Let v(g) = -13 + g - l*g + 14. Determine v(u).
-3
Let l(s) = s**3 - 2*s**2 - 2*s + 3. Let k = 2 + 1. Suppose -5 - k = -4*q. Determine l(q).
-1
Let y(a) = -a**3 + 6*a**2 - 6*a - 3. Let l be 2/((-5)/(75/(-2))). Suppose 2*m = -m - l. Let b(d) = -d**2 - 7*d - 5. Let q be b(m). Calculate y(q).
-8
Let h(u) = 5*u**2 + 2*u - 2. Let q(k) be the third derivative of k**5/60 + k**4/24 - k**3/6 + 2*k**2. Let f(d) = -h(d) + 4*q(d). Give f(2).
-2
Let f(l) be the second derivative of l**3/6 - 3*l**2/2 + 2*l. Calculate f(7).
4
Let w(k) = k**2 - 6*k + 2. Let i be w(6). Let z(l) = -l + 3. Let t be z(i). Let f(d) = -d + 2. Let x be f(t). Let q(y) = -7*y**2 + y - 1. What is q(x)?
-7
Let u be (-1)/(1 + 2)*6. Let a be (-1)/u + (-7)/2. Let o be (a/6)/((-2)/16). Let s(y) = -y**3 + 3*y**2 + 4*y + 4. What is s(o)?
4
Let w(t) be the first derivative of 4*t**3/3 - t**2 + 10*t + 2. Let g(s) = -s**2 - s - 1. Let u(f) = 3*g(f) + w(f). Suppose -6 = 2*k - 16. What is u(k)?
7
Suppose -5*b = v + 17 + 23, 0 = -3*b + v - 24. Let c(j) = -j - 10. What is c(b)?
-2
Let s(f) = f**3 - 7*f**2 + 7*f - 2. Let u be 22/2 - (-12)/(-4). Let i be 1/4 - (-46)/u. What is s(i)?
4
Let r(i) = i**2 - 2*i - 2. Suppose -3*x = 5 - 50. Suppose -x = 3*k, -3*o - o = 2*k - 2. Give r(o).
1
Let j(v) be the first derivative of -v**4/6 + 2*v**3/3 - 3*v**2/2 - 2. Let s(l) be the second derivative of j(l). What is s(4)?
-12
Let d = -5 - -2. Let h(q) be the first derivative of -1 - 3*q + q**2 + 2/3*q**3. Determine h(d).
9
Let w(h) = -5*h**3 - 10*h**2 + 2*h + 2. Let y(o) = 4*o**3 + 9*o**2 - o - 1. Let m(d) = -5*w(d) - 6*y(d). Calculate m(5).
1
Let s(f) = f + 8. Let n be s(4). Let a(x) = -x + 10. What is a(n)?
-2
Let h(j) be the third derivative of -j**7/5040 - j**6/180 + j**5/30 - 2*j**2. Let m(u) be the third derivative of h(u). Determine m(-4).
0
Let u(x) be the first derivative of x**4/4 - x**3/3 + x**2 + x + 10. Give u(2).
9
Let g(n) = -4*n**2 + 7*n - 2. Let f(t) = 11*t**2 - 20*t + 5. Let i(w) = -3*f(w) - 8*g(w). Let a be i(4). Let l(u) = 7*u - 1. Give l(a).
6
Let s(p) = -4*p**3 + 2*p**2 - 7. Let o(t) = -t**3 - t**2 - t - 1. Let q(d) = 5*o(d) - s(d). Give q(-6).
-4
Suppose 5*j = j - 2*q - 8, -2*j = -q. Let z(l) = 0*l + 0*l + 0*l + l. What is z(j)?
-1
Let b(u) be the third derivative of 7*u**4/12 - u**3/2 + 3*u**2. What is b(2)?
25
Suppose 0 = -3*y - 1 - 5. Let i(l) = 4*l**2 - 2. Give i(y).
14
Let n(c) = c - 10. Let z(k) = 6*k - 51. Let d(p) = -11*n(p) + 2*z(p). What is d(-4)?
4
Let d(h) be the third derivative of 1/30*h**5 - 1/6*h**3 + 0*h + 0 - h**2 - 1/24*h**4. Let k = -2 + 4. Calculate d(k).
5
Let f be ((-3)/(-2))/((-2)/4). Let g(r) = r**3 - 129 + 2*r**2 + 0*r - r + 133. Calculate g(f).
-2
Let x(t) be the first derivative of t**4/2 - t**3/3 + t**2/2 - t + 3. What is x(1)?
1
Let x(j) = -j**2 - 9*j + 2. Let r(p) = -6*p**2 - 46*p + 10. Let l(w) = -2*r(w) + 11*x(w). Calculate l(3).
-10
Let j(i) = 3*i**3 - i**2 - i - 1. Suppose 2*r - 2*q = -4, -4*q = -5*r - 6*q - 3. Calculate j(r).
-4
Let q(m) = -m - 4. Suppose 2*u = -5*a + 40, 80 = -2*u + 6*u - 5*a. Suppose 5*d - u = s, -2*d - d - 5*s = 16. Give q(d).
-7
Let b = -5 - -7. Let r(u) = -u**3 - 2*u**2 - 3 + b*u**2 - u - 6*u**2. Calculate r(-6).
3
Suppose 2*g - 2 = 5*p, 4*p - g = p - 2. Let z(a) = 3*a**3 + 3*a**2 + 4*a + 3. Let x(u) = u**3 + u**2 + 2*u + 1. Let o(j) = p*z(j) + 5*x(j). Give o(-3).
11
Let o(m) = m**2 + 6*m - 6. Let n(s) = -2*s**2 + 6 + s**2 - 13*s + 7*s. Let b(q) = 4*n(q) + 5*o(q). What is b(-6)?
-6
Let y(b) = -b - 1. Let l(j) = 11*j - 3. Let k(q) = l(q) - 2*y(q). Give k(1).
12
Let s(w) = w**2 + 6*w. Let v(o) = 5*o**3 - 2*o**2 + 1. Let q be v(-1). What is s(q)?
0
Let q(u) = 3*u - 4. Let p(c) = -c**3 + c**2 + 3. Let y(s) = -s**3 + 6*s**2 - s + 6. Let o be y(6). Let f be p(o). Calculate q(f).
5
Let n(a) be the first derivative of a**4/4 + 5*a**3/3 + 5*a**2/2 + 6*a - 16. Give n(-4).
2
Let v(j) = j + 1. Let z(h) = -2*h**2 + 12*h + 12. Let d = 23 + -11. Let t(s) = d*v(s) - z(s). Let u(r) = -r**2 - 4*r - 2. Let g be u(-4). Calculate t(g).
8
Let y(a) = -a + 11. Suppose 3*s + 32 = 8. Let m = s - -13. Determine y(m).
6
Let s(c) be the second derivative of c**7/2520 + c**6/180 - 7*c**5/120 - c**4/3 - 4*c. Let y(i) be the third derivative of s(i). Calculate y(-5).
-2
Let j(u) be the third derivative of -u**6/120 + u**5/30 - u**4/12 + u**3/2 + 9*u**2. Calculate j(3).
-12
Let j(v) = -v**2 - 12 + 81*v - 70*v + 0*v**2. Calculate j(9).
6
Let w be (-2)/(-10) - (-290)/50. Let g(a) = a + 1. Determine g(w).
7
Let a(z) = -z - 10*z**2 + z - 1. Suppose -12 = -n - 3*n. Suppose -5*o = -2*i + 20 + 7, 14 = -i - n*o. Give a(i).
-11
Let t = 6 + -3. Let o(f) = 3*f**2 + f - 11*f**t + 0*f**2 - 4*f**2 + 4*f**3. What is o(1)?
-7
Let h(d) = -6*d - 5*d**2 - 5 + 4*d**2 + 6 - 4. Let z(k) = -k + 1. Let q be z(5). Determine h(q).
5
Suppose 3*c - 2*c = -4*r + 32, -5*c + 55 = 5*r. Let d(x) = -x**2 + 7*x + 1. Let p be d(r). Let o(h) = p + 1 + 2 - 3 - 3*h. Determine o(-2).
7
Let s(i) = i**2 + 6*i + 1. Let n = 31 + -43. Let l = n + 7. What is s(l)?
-4
Let x(g) = -3*g**2 + g**2 - 7*g + 0*g - 7. Suppose 15 = -5*j + 40. Let c(z) = z**2 + 4*z + 4. Let i(s) = j*c(s) + 3*x(s). What is i(-2)?
-3
Let o(d) = d**3 + 41*d - 6*d**2 - 41*d + 3. Suppose 0 = 2*s - 0*s - 2. Let l be (-1 + 3)*3/s. Calculate o(l).
3
Let d(t) = 2*t + 6. Let c be d(0). Let b(x) = 7*x**2 + 12*x - 7. Let g(j) = j**2 + j - 1. Let v(f) = c*g(f) - b(f). Determine v(-5).
6
Let p = 12 + -8. Let b(s) = 3*s**2 - 4*s - 2. Let i(f) = -4*f**2 + 5*f + 2. Let h(g) = -3*b(g) - 2*i(g). Calculate h(p).
-6
Let p(x) = 6*x + 1. Let l = -14 - -13. Calculate p(l).
-5
Let c(w) = w**2 + 3*w - 4. Let m = -130 + 133. Calculate c(m).
14
Let b(v) = v + 6. Suppose -5 = -r, 2*f + 3*r = 5*r - 26. Let c be 0 + f/(-4) - -3. Determine b(c).
11
Let n(y) = y**3 - 3*y**2 + 3. Let s be n(3). Let w(f) = 1 - 4 + 2*f - f**2 + 3. What is w(s)?
-3
Let c(w) be the second derivative of -w**5/20 + w**3/6 + 2*w**2 - 8*w. Determine c(0).
4
Let s(m) = -3*m - 10. Suppose -194 = 23*i - 10. Determine s(i).
14
Let z(l) = l**2 + 6*l - 6. Suppose 11*h - 9*h = -16. Calculate z(h).
10
Let y be ((-8)/12)/(2/(-15)). Let j(o) = -y - 5*o - 5 + 4*o - 2. Calculate j(0).
-12
Let k(o) = -o + 1. Let u(d) = -8*d - 1. Let x(g) = -2*k(g) + u(g). Let t(c) = c - 8. Let s be t(6). Give x(s).
9
Let w(h) = 5*h**2 - 10*h. Let n(y) = -11*y**2 + 21*y. Let g(j) = 6*n(j) + 13*w(j). Let u = -2 - 1. What is g(u)?
3
Let j(c) = -c - 4. Suppose -5*f + 2*f - 12 = 0. Determine j(f).
0
Let j(k) = -881 + 0*k**2 + 876 + 5*k - k**2. What is j(5)?
-5
Let d(p) = -3*p - 2. Let t(r) = -r - 1. Let i(w) = 6*d(w) - 17*t(w). Calculate i(6).
-1
Suppose -n + 4 = -0. Let x(p) = 3*p - 6. Calculate x(n).
6
Let g(s) = -s**2 + 6*s + 4. Let f(p) = p**3 + 10*p**2 + 9*p - 8. Let o be f(-9). Let x be ((-25)/(-20))/((-2)/o). Give g(x).
9
Let b(o) = 4*o**3 + o**2 - 5*o + 4. Let a(z) = 3*z**3 + 2*z**2 - 5*z + 4. Let u(q) = 5*a(q) - 4*b(q). Determine u(5).
4
Let s(w) = 8 - 1 - w + 3 - 8. Give s(-3).
5
Let o(t) = -1 - 4 - 3*t + 4*t - 6*t. Calculate o(-4).
15
Let w(g) = 5 - 6 + g - g**3 + g**2 - 4*g**3. Suppose 3 - 6 = -3*f. Determine w(f).
-4
Let h(o) = -o - 5. Let t(f) = f